{"id":10084,"date":"2021-11-22T20:25:25","date_gmt":"2021-11-22T19:25:25","guid":{"rendered":"https:\/\/hautsdewoluwe.be\/cabinet\/?page_id=10084"},"modified":"2021-11-22T20:26:50","modified_gmt":"2021-11-22T19:26:50","slug":"rgpd","status":"publish","type":"page","link":"https:\/\/hautsdewoluwe.be\/cabinet\/rgpd\/","title":{"rendered":"RGPD"},"content":{"rendered":"<p>[et_pb_section fb_built=\u00a0\u00bb1&Prime; _builder_version=\u00a0\u00bb4.7.5&Prime; _module_preset=\u00a0\u00bbdefault\u00a0\u00bb][et_pb_row _builder_version=\u00a0\u00bb4.7.5&Prime; _module_preset=\u00a0\u00bbdefault\u00a0\u00bb][et_pb_column type=\u00a0\u00bb4_4&Prime; _builder_version=\u00a0\u00bb4.7.5&Prime; _module_preset=\u00a0\u00bbdefault\u00a0\u00bb][et_pb_text _builder_version=\u00a0\u00bb4.7.5&Prime; _module_preset=\u00a0\u00bbdefault\u00a0\u00bb hover_enabled=\u00a0\u00bb0&Prime; custom_margin_last_edited=\u00a0\u00bbon|desktop\u00a0\u00bb custom_margin=\u00a0\u00bb||200px||false|false\u00a0\u00bb sticky_enabled=\u00a0\u00bb0&Prime;]<\/p>\n<p><strong>R\u00e8glement G\u00e9n\u00e9ral europ\u00e9en pour la Protection des Donn\u00e9es (RGPD)<\/strong><\/p>\n<p>Dans la continuit\u00e9 de la r\u00e9glementation \u00ab Vie Priv\u00e9e \u00bb, pour une prise en charge optimale de la sant\u00e9 des patients, les donn\u00e9es personnelles sont recueillies et trait\u00e9es en conformit\u00e9 avec le nouveau \u00ab R\u00e8glement G\u00e9n\u00e9ral europ\u00e9en pour la Protection des Donn\u00e9es \u00bb le \u00ab RGPD \u00bb, en vigueur depuis le 25 mai 2018.<\/p>\n<p>Ces donn\u00e9es sont utilis\u00e9es aux fins de cr\u00e9ation de dossiers m\u00e9dicaux, de facturation de soins, de prescriptions de m\u00e9dicaments et de soins, de prise de rendez-vous et gestion de l&rsquo;agenda, de demandes d\u2019examens et de gestion de la continuit\u00e9 des soins avec les diff\u00e9rents acteurs de sant\u00e9.<\/p>\n<p>Les patients b\u00e9n\u00e9ficient des droits de consultation et de rectification de leurs donn\u00e9es personnelles.<\/p>\n<p>La loi impose la conservation des donn\u00e9es de sant\u00e9 par tout soignant, pour des raisons m\u00e9dico-l\u00e9gales, pendant de nombreuses ann\u00e9es, par exemple 30 ans lorsqu\u2019il s\u2019agit d\u2019un m\u00e9decin ou d\u2019un dentiste.<\/p>\n<p>&nbsp;<\/p>\n<p><strong>European General Data Protection Regulation (GDPR)<\/strong><\/p>\n<p>In line with the \u201cPrivate Life\u201d regulations, for optimal patient health care, personal data is collected and processed in accordance with the new \u201cEuropean General Data Protection Regulation\u201d the \u201cGDPR\u201d, in force since May 25, 2018.<\/p>\n<p>These data are used for the purposes of creating medical records, billing care, prescriptions for medication and care, making appointments and managing the diary, requesting examinations and managing the continuity of care with the various health actors.<\/p>\n<p>Patients benefit from the rights of consultation and rectification of their personal data.<\/p>\n<p>The law requires the retention of health data by any caregiver, for medico-legal reasons, for many years, for example 30 years in the case of a doctor or dentist.<\/p>\n<p>&nbsp;<\/p>\n<p><strong>Europese Algemene Verordening Gegevensbescherming (AVG)<\/strong><\/p>\n<p>In overeenstemming met de \u00ab\u00a0Private Life\u00a0\u00bb-regelgeving, worden voor optimale pati\u00ebntenzorg persoonsgegevens verzameld en verwerkt in overeenstemming met de nieuwe \u00ab\u00a0Algemene Europese Verordening Gegevensbescherming\u00a0\u00bb, de \u00ab\u00a0RGPD\u00a0\u00bb, die van kracht is sinds 25 mei 2018.<\/p>\n<p>Deze gegevens worden gebruikt voor het samenstellen van een medisch dossier, het factureren van zorg, het bestellen van medicijnen en zorg, het maken van afspraken en het beheren van de agenda, het aanvragen van onderzoeken en het regelen van de continu\u00efteit van zorg met de verschillende gezondheidsactoren.<\/p>\n<p>Pati\u00ebnten profiteren van het recht op inzage en rectificatie van hun persoonsgegevens.<\/p>\n<p>De wet schrijft voor dat elke zorgverlener gezondheidsgegevens om medisch-juridische redenen gedurende vele jaren moet bewaren, bijvoorbeeld 30 jaar in het geval van een arts of tandarts.<\/p>\n<p>[\/et_pb_text][\/et_pb_column][\/et_pb_row][\/et_pb_section]<\/p>\n","protected":false},"excerpt":{"rendered":"<p>[et_pb_section fb_built=\u00a0\u00bb1&Prime; _builder_version=\u00a0\u00bb4.7.5&Prime; _module_preset=\u00a0\u00bbdefault\u00a0\u00bb][et_pb_row _builder_version=\u00a0\u00bb4.7.5&Prime; _module_preset=\u00a0\u00bbdefault\u00a0\u00bb][et_pb_column type=\u00a0\u00bb4_4&Prime; _builder_version=\u00a0\u00bb4.7.5&Prime; _module_preset=\u00a0\u00bbdefault\u00a0\u00bb][et_pb_text _builder_version=\u00a0\u00bb4.7.5&Prime; _module_preset=\u00a0\u00bbdefault\u00a0\u00bb hover_enabled=\u00a0\u00bb0&Prime; custom_margin_last_edited=\u00a0\u00bbon|desktop\u00a0\u00bb custom_margin=\u00a0\u00bb||200px||false|false\u00a0\u00bb sticky_enabled=\u00a0\u00bb0&Prime;] R\u00e8glement G\u00e9n\u00e9ral europ\u00e9en pour la Protection des Donn\u00e9es (RGPD) Dans la continuit\u00e9 de la r\u00e9glementation \u00ab Vie Priv\u00e9e \u00bb, pour une prise en charge optimale de la sant\u00e9 des patients, les donn\u00e9es personnelles sont recueillies et trait\u00e9es en conformit\u00e9 avec [&hellip;]<\/p>\n","protected":false},"author":1,"featured_media":0,"parent":0,"menu_order":0,"comment_status":"closed","ping_status":"closed","template":"","meta":{"ngg_post_thumbnail":0,"_et_pb_use_builder":"on","_et_pb_old_content":"","_et_gb_content_width":""},"yoast_head":"<!-- This site is optimized with the Yoast SEO plugin v15.5 - https:\/\/yoast.com\/wordpress\/plugins\/seo\/ -->\n<title>RGPD - Les hauts de Woluwe<\/title>\n<meta name=\"robots\" content=\"index, follow, max-snippet:-1, max-image-preview:large, max-video-preview:-1\" \/>\n<link rel=\"canonical\" href=\"https:\/\/hautsdewoluwe.be\/cabinet\/rgpd\/\" \/>\n<meta property=\"og:locale\" content=\"fr_FR\" \/>\n<meta property=\"og:type\" content=\"article\" \/>\n<meta property=\"og:title\" content=\"RGPD - Les hauts de Woluwe\" \/>\n<meta property=\"og:description\" content=\"[et_pb_section fb_built=\u00a0\u00bb1&Prime; _builder_version=\u00a0\u00bb4.7.5&Prime; _module_preset=\u00a0\u00bbdefault\u00a0\u00bb][et_pb_row _builder_version=\u00a0\u00bb4.7.5&Prime; _module_preset=\u00a0\u00bbdefault\u00a0\u00bb][et_pb_column type=\u00a0\u00bb4_4&Prime; _builder_version=\u00a0\u00bb4.7.5&Prime; _module_preset=\u00a0\u00bbdefault\u00a0\u00bb][et_pb_text _builder_version=\u00a0\u00bb4.7.5&Prime; _module_preset=\u00a0\u00bbdefault\u00a0\u00bb hover_enabled=\u00a0\u00bb0&Prime; custom_margin_last_edited=\u00a0\u00bbon|desktop\u00a0\u00bb custom_margin=\u00a0\u00bb||200px||false|false\u00a0\u00bb sticky_enabled=\u00a0\u00bb0&Prime;] R\u00e8glement G\u00e9n\u00e9ral europ\u00e9en pour la Protection des Donn\u00e9es (RGPD) Dans la continuit\u00e9 de la r\u00e9glementation \u00ab Vie Priv\u00e9e \u00bb, pour une prise en charge optimale de la sant\u00e9 des patients, les donn\u00e9es personnelles sont recueillies et trait\u00e9es en conformit\u00e9 avec [&hellip;]\" \/>\n<meta property=\"og:url\" content=\"https:\/\/hautsdewoluwe.be\/cabinet\/rgpd\/\" \/>\n<meta property=\"og:site_name\" content=\"Les hauts de Woluwe\" \/>\n<meta property=\"article:modified_time\" content=\"2021-11-22T19:26:50+00:00\" \/>\n<meta name=\"twitter:card\" content=\"summary_large_image\" \/>\n<meta name=\"twitter:label1\" content=\"Dur\u00e9e de lecture est.\">\n\t<meta name=\"twitter:data1\" content=\"2 minutes\">\n<script type=\"application\/ld+json\" class=\"yoast-schema-graph\">{\"@context\":\"https:\/\/schema.org\",\"@graph\":[{\"@type\":\"WebSite\",\"@id\":\"https:\/\/hautsdewoluwe.be\/cabinet\/#website\",\"url\":\"https:\/\/hautsdewoluwe.be\/cabinet\/\",\"name\":\"Les hauts de Woluwe\",\"description\":\"Dentiste - Tandarts\",\"potentialAction\":[{\"@type\":\"SearchAction\",\"target\":\"https:\/\/hautsdewoluwe.be\/cabinet\/?s={search_term_string}\",\"query-input\":\"required name=search_term_string\"}],\"inLanguage\":\"fr-BE\"},{\"@type\":\"WebPage\",\"@id\":\"https:\/\/hautsdewoluwe.be\/cabinet\/rgpd\/#webpage\",\"url\":\"https:\/\/hautsdewoluwe.be\/cabinet\/rgpd\/\",\"name\":\"RGPD - Les hauts de Woluwe\",\"isPartOf\":{\"@id\":\"https:\/\/hautsdewoluwe.be\/cabinet\/#website\"},\"datePublished\":\"2021-11-22T19:25:25+00:00\",\"dateModified\":\"2021-11-22T19:26:50+00:00\",\"inLanguage\":\"fr-BE\",\"potentialAction\":[{\"@type\":\"ReadAction\",\"target\":[\"https:\/\/hautsdewoluwe.be\/cabinet\/rgpd\/\"]}]}]}<\/script>\n<!-- \/ Yoast SEO plugin. -->","_links":{"self":[{"href":"https:\/\/hautsdewoluwe.be\/cabinet\/wp-json\/wp\/v2\/pages\/10084"}],"collection":[{"href":"https:\/\/hautsdewoluwe.be\/cabinet\/wp-json\/wp\/v2\/pages"}],"about":[{"href":"https:\/\/hautsdewoluwe.be\/cabinet\/wp-json\/wp\/v2\/types\/page"}],"author":[{"embeddable":true,"href":"https:\/\/hautsdewoluwe.be\/cabinet\/wp-json\/wp\/v2\/users\/1"}],"replies":[{"embeddable":true,"href":"https:\/\/hautsdewoluwe.be\/cabinet\/wp-json\/wp\/v2\/comments?post=10084"}],"version-history":[{"count":3,"href":"https:\/\/hautsdewoluwe.be\/cabinet\/wp-json\/wp\/v2\/pages\/10084\/revisions"}],"predecessor-version":[{"id":10088,"href":"https:\/\/hautsdewoluwe.be\/cabinet\/wp-json\/wp\/v2\/pages\/10084\/revisions\/10088"}],"wp:attachment":[{"href":"https:\/\/hautsdewoluwe.be\/cabinet\/wp-json\/wp\/v2\/media?parent=10084"}],"curies":[{"name":"wp","href":"https:\/\/api.w.org\/{rel}","templated":true}]}}

<p>[et_pb_section fb_built= »1&Prime; _builder_version= »4.7.5&Prime; _module_preset= »default »][et_pb_row _builder_version= »4.7.5&Prime; _module_preset= »default »][et_pb_column type= »4_4&Prime; _builder_version= »4.7.5&Prime; _module_preset= »default »][et_pb_text _builder_version= »4.7.5&Prime; _module_preset= »default » hover_enabled= »0&Prime; custom_margin_last_edited= »on|desktop » custom_margin= »||200px||false|false » sticky_enabled= »0&Prime;]</p>
<p><strong>Règlement Général européen pour la Protection des Données (RGPD)</strong></p>
<p>Dans la continuité de la réglementation « Vie Privée », pour une prise en charge optimale de la santé des patients, les données personnelles sont recueillies et traitées en conformité avec le nouveau « Règlement Général européen pour la Protection des Données » le « RGPD », en vigueur depuis le 25 mai 2018.</p>
<p>Ces données sont utilisées aux fins de création de dossiers médicaux, de facturation de soins, de prescriptions de médicaments et de soins, de prise de rendez-vous et gestion de l&rsquo;agenda, de demandes d’examens et de gestion de la continuité des soins avec les différents acteurs de santé.</p>
<p>Les patients bénéficient des droits de consultation et de rectification de leurs données personnelles.</p>
<p>La loi impose la conservation des données de santé par tout soignant, pour des raisons médico-légales, pendant de nombreuses années, par exemple 30 ans lorsqu’il s’agit d’un médecin ou d’un dentiste.</p>
<p>&nbsp;</p>
<p><strong>European General Data Protection Regulation (GDPR)</strong></p>
<p>In line with the “Private Life” regulations, for optimal patient health care, personal data is collected and processed in accordance with the new “European General Data Protection Regulation” the “GDPR”, in force since May 25, 2018.</p>
<p>These data are used for the purposes of creating medical records, billing care, prescriptions for medication and care, making appointments and managing the diary, requesting examinations and managing the continuity of care with the various health actors.</p>
<p>Patients benefit from the rights of consultation and rectification of their personal data.</p>
<p>The law requires the retention of health data by any caregiver, for medico-legal reasons, for many years, for example 30 years in the case of a doctor or dentist.</p>
<p>&nbsp;</p>
<p><strong>Europese Algemene Verordening Gegevensbescherming (AVG)</strong></p>
<p>In overeenstemming met de « Private Life »-regelgeving, worden voor optimale patiëntenzorg persoonsgegevens verzameld en verwerkt in overeenstemming met de nieuwe « Algemene Europese Verordening Gegevensbescherming », de « RGPD », die van kracht is sinds 25 mei 2018.</p>
<p>Deze gegevens worden gebruikt voor het samenstellen van een medisch dossier, het factureren van zorg, het bestellen van medicijnen en zorg, het maken van afspraken en het beheren van de agenda, het aanvragen van onderzoeken en het regelen van de continuïteit van zorg met de verschillende gezondheidsactoren.</p>
<p>Patiënten profiteren van het recht op inzage en rectificatie van hun persoonsgegevens.</p>
<p>De wet schrijft voor dat elke zorgverlener gezondheidsgegevens om medisch-juridische redenen gedurende vele jaren moet bewaren, bijvoorbeeld 30 jaar in het geval van een arts of tandarts.</p>
<p>[/et_pb_text][/et_pb_column][/et_pb_row][/et_pb_section]</p>

<p>[et_pb_section fb_built= »1&Prime; _builder_version= »4.7.5&Prime; _module_preset= »default »][et_pb_row _builder_version= »4.7.5&Prime; _module_preset= »default »][et_pb_column type= »4_4&Prime; _builder_version= »4.7.5&Prime; _module_preset= »default »][et_pb_text _builder_version= »4.7.5&Prime; _module_preset= »default » hover_enabled= »0&Prime; custom_margin_last_edited= »on|desktop » custom_margin= »||200px||false|false » sticky_enabled= »0&Prime;] Règlement Général européen pour la Protection des Données (RGPD) Dans la continuité de la réglementation « Vie Privée », pour une prise en charge optimale de la santé des patients, les données personnelles sont recueillies et traitées en conformité avec [&hellip;]</p>

<!-- This site is optimized with the Yoast SEO plugin v15.5 - https://yoast.com/wordpress/plugins/seo/ -->
<title>RGPD - Les hauts de Woluwe</title>
<meta name="robots" content="index, follow, max-snippet:-1, max-image-preview:large, max-video-preview:-1" />
<link rel="canonical" href="https://hautsdewoluwe.be/cabinet/rgpd/" />
<meta property="og:locale" content="fr_FR" />
<meta property="og:type" content="article" />
<meta property="og:title" content="RGPD - Les hauts de Woluwe" />
<meta property="og:description" content="[et_pb_section fb_built= »1&Prime; _builder_version= »4.7.5&Prime; _module_preset= »default »][et_pb_row _builder_version= »4.7.5&Prime; _module_preset= »default »][et_pb_column type= »4_4&Prime; _builder_version= »4.7.5&Prime; _module_preset= »default »][et_pb_text _builder_version= »4.7.5&Prime; _module_preset= »default » hover_enabled= »0&Prime; custom_margin_last_edited= »on|desktop » custom_margin= »||200px||false|false » sticky_enabled= »0&Prime;] Règlement Général européen pour la Protection des Données (RGPD) Dans la continuité de la réglementation « Vie Privée », pour une prise en charge optimale de la santé des patients, les données personnelles sont recueillies et traitées en conformité avec [&hellip;]" />
<meta property="og:url" content="https://hautsdewoluwe.be/cabinet/rgpd/" />
<meta property="og:site_name" content="Les hauts de Woluwe" />
<meta property="article:modified_time" content="2021-11-22T19:26:50+00:00" />
<meta name="twitter:card" content="summary_large_image" />
<meta name="twitter:label1" content="Durée de lecture est.">
	<meta name="twitter:data1" content="2 minutes">
<script type="application/ld+json" class="yoast-schema-graph">{"@context":"https://schema.org","@graph":[{"@type":"WebSite","@id":"https://hautsdewoluwe.be/cabinet/#website","url":"https://hautsdewoluwe.be/cabinet/","name":"Les hauts de Woluwe","description":"Dentiste - Tandarts","potentialAction":[{"@type":"SearchAction","target":"https://hautsdewoluwe.be/cabinet/?s={search_term_string}","query-input":"required name=search_term_string"}],"inLanguage":"fr-BE"},{"@type":"WebPage","@id":"https://hautsdewoluwe.be/cabinet/rgpd/#webpage","url":"https://hautsdewoluwe.be/cabinet/rgpd/","name":"RGPD - Les hauts de Woluwe","isPartOf":{"@id":"https://hautsdewoluwe.be/cabinet/#website"},"datePublished":"2021-11-22T19:25:25+00:00","dateModified":"2021-11-22T19:26:50+00:00","inLanguage":"fr-BE","potentialAction":[{"@type":"ReadAction","target":["https://hautsdewoluwe.be/cabinet/rgpd/"]}]}]}</script>
<!-- / Yoast SEO plugin. -->
